457
What are the prime factors of 5248?
2, 41
What are the prime factors of 1848?
2, 3, 7, 11
What are the prime factors of 3259?
3259
List the prime factors of 440.
2, 5, 11
List the prime factors of 389.
389
List the prime factors of 872.
2, 109
What are the prime factors of 407?
11, 37
What are the prime factors of 5261?
5261
What are the prime factors of 61152?
2, 3, 7, 13
List the prime factors of 1829.
31, 59
List the prime factors of 6965.
5, 7, 199
What are the prime factors of 1354?
2, 677
List the prime factors of 397.
397
What are the prime factors of 47907?
3, 5323
What are the prime factors of 863?
863
What are the prime factors of 2512?
2, 157
List the prime factors of 34.
2, 17
What are the prime factors of 2576?
2, 7, 23
List the prime factors of 3545.
5, 709
List the prime factors of 17510.
2, 5, 17, 103
List the prime factors of 1153.
1153
List the prime factors of 5334.
2, 3, 7, 127
List the prime factors of 29601.
3, 11, 13, 23
List the prime factors of 23891.
7, 3413
List the prime factors of 7790.
2, 5, 19, 41
What are the prime factors of 468?
2, 3, 13
List the prime factors of 54086.
2, 27043
What are the prime factors of 309?
3, 103
What are the prime factors of 2041?
13, 157
List the prime factors of 1898.
2, 13, 73
List the prime factors of 4568.
2, 571
List the prime factors of 2305.
5, 461
What are the prime factors of 19996?
2, 4999
What are the prime factors of 31583?
31583
List the prime factors of 4171.
43, 97
What are the prime factors of 1526?
2, 7, 109
List the prime factors of 3150.
2, 3, 5, 7
What are the prime factors of 12736?
2, 199
What are the prime factors of 5999?
7, 857
List the prime factors of 103433.
11, 9403
List the prime factors of 645.
3, 5, 43
What are the prime factors of 1039?
1039
List the prime factors of 12291.
3, 17, 241
List the prime factors of 31229.
11, 17, 167
What are the prime factors of 13404?
2, 3, 1117
What are the prime factors of 38931?
3, 19, 683
What are the prime factors of 1041?
3, 347
List the prime factors of 59.
59
What are the prime factors of 13538?
2, 7, 967
List the prime factors of 937.
937
What are the prime factors of 38746?
2, 19373
List the prime factors of 35582.
2, 17791
List the prime factors of 2092.
2, 523
What are the prime factors of 4988?
2, 29, 43
What are the prime factors of 50909?
50909
What are the prime factors of 8647?
8647
List the prime factors of 36698.
2, 59, 311
What are the prime factors of 62738?
2, 13, 19, 127
What are the prime factors of 1078?
2, 7, 11
What are the prime factors of 5577?
3, 11, 13
What are the prime factors of 13130?
2, 5, 13, 101
List the prime factors of 7719.
3, 31, 83
List the prime factors of 3317.
31, 107
List the prime factors of 43946.
2, 7, 43, 73
List the prime factors of 1037.
17, 61
What are the prime factors of 23535?
3, 5, 523
List the prime factors of 5437.
5437
What are the prime factors of 9401?
7, 17, 79
List the prime factors of 2869.
19, 151
What are the prime factors of 3318?
2, 3, 7, 79
List the prime factors of 1125.
3, 5
What are the prime factors of 107726?
2, 61, 883
List the prime factors of 6989.
29, 241
List the prime factors of 2820.
2, 3, 5, 47
List the prime factors of 56881.
11, 5171
List the prime factors of 18408.
2, 3, 13, 59
What are the prime factors of 2751?
3, 7, 131
List the prime factors of 9093.
3, 7, 433
List the prime factors of 6886.
2, 11, 313
What are the prime factors of 132?
2, 3, 11
List the prime factors of 11957.
11, 1087
List the prime factors of 1916.
2, 479
List the prime factors of 39882.
2, 3, 17, 23
What are the prime factors of 5058?
2, 3, 281
List the prime factors of 5576.
2, 17, 41
What are the prime factors of 8526?
2, 3, 7, 29
List the prime factors of 10870.
2, 5, 1087
List the prime factors of 39240.
2, 3, 5, 109
What are the prime factors of 492?
2, 3, 41
What are the prime factors of 416?
2, 13
List the prime factors of 935.
5, 11, 17
List the prime factors of 18816.
2, 3, 7
List the prime factors of 22718.
2, 37, 307
What are the prime factors of 88528?
2, 11, 503
What are the prime factors of 14927?
11, 23, 59
What are the prime factors of 162343?
162343
List the prime factors of 23361.
3, 13, 599
What are the prime factors of 221?
13, 17
List the prime factors of 26105.
5, 23, 227
List the prime factors of 377.
13, 29
What are the prime factors of 48859?
48859
What are the prime factors of 3487?
11, 317
List the prime factors of 41020.
2, 5, 7, 293
What are the prime factors of 30379?
17, 1787
List the prime factors of 5059.
5059
List the prime factors of 4127.
4127
What are the prime factors of 4010?
2, 5, 401
List the prime factors of 237.
3, 79
What are the prime factors of 2117?
29, 73
What are the prime factors of 26702?
2, 13, 79
What are the prime factors of 272?
2, 17
List the prime factors of 3338.
2, 1669
What are the prime factors of 46162?
2, 23081
What are the prime factors of 13375?
5, 107
List the prime factors of 1838.
2, 919
What are the prime factors of 40365?
3, 5, 13, 23
List the prime factors of 14573.
13, 19, 59
List the prime factors of 22.
2, 11
What are the prime factors of 2028?
2, 3, 13
List the prime factors of 242.
2, 11
List the prime factors of 8649.
3, 31
What are the prime factors of 51494?
2, 25747
List the prime factors of 3735.
3, 5, 83
List the prime factors of 102215.
5, 20443
List the prime factors of 25340.
2, 5, 7, 181
What are the prime factors of 745?
5, 149
List the prime factors of 988.
2, 13, 19
List the prime factors of 1663.
1663
What are the prime factors of 964?
2, 241
What are the prime factors of 3584?
2, 7
What are the prime factors of 2566?
2, 1283
List the prime factors of 958.
2, 479
What are the prime factors of 6228?
2, 3, 173
List the prime factors of 36215.
5, 7243
What are the prime factors of 1755?
3, 5, 13
What are the prime factors of 1245?
3, 5, 83
List the prime factors of 3258.
2, 3, 181
What are the prime factors of 1462?
2, 17, 43
List the prime factors of 6163.
6163
What are the prime factors of 9115?
5, 1823
What are the prime factors of 22951?
59, 389
What are the prime factors of 17368?
2, 13, 167
What are the prime factors of 11245?
5, 13, 173
List the prime factors of 101958.
2, 3, 16993
What are the prime factors of 14054?
2, 7027
What are the prime factors of 10208?
2, 11, 29
List the prime factors of 3935.
5, 787
List the prime factors of 5370.
2, 3, 5, 179
What are the prime factors of 1895?
5, 379
List the prime factors of 36743.
7, 29, 181
What are the prime factors of 1054?
2, 17, 31
What are the prime factors of 2925?
3, 5, 13
What are the prime factors of 191?
191
List the prime factors of 797.
797
What are the prime factors of 1347?
3, 449
What are the prime factors of 7230?
2, 3, 5, 241
List the prime factors of 46896.
2, 3, 977
What are the prime factors of 1365?
3, 5, 7, 13
List the prime factors of 1355.
5, 271
What are the prime factors of 4736?
2, 37
List the prime factors of 1267.
7, 181
What are the prime factors of 1055?
5, 211
What are the prime factors of 159740?
2, 5, 7, 163
List the prime factors of 5488.
2, 7
List the prime factors of 307.
307
List the prime factors of 12095.
5, 41, 59
List the prime factors of 6577.
6577
List the prime factors of 13221.
3, 13, 113
What are the prime factors of 524?
2, 131
What are the prime factors of 103300?
2, 5, 1033
List the prime factors of 71141.
7, 10163
What are the prime factors of 1358?
2, 7, 97
List the prime factors of 1822.
2, 911
What are the prime factors of 9857?
9857
What are the prime factors of 4414?
2, 2207
What are the prime factors of 4728?
2, 3, 197
List the prime factors of 100170.
2, 3, 5, 7, 53
What are the prime factors of 15517?
59, 263
What are the prime factors of 818?
2, 409
List the prime factors of 575.
5, 23
What are the prime factors of 7597?
71, 107
List the prime factors of 69219.
3, 7691
List the prime factors of 22437.
3, 277
What are the prime factors of 11964?
2, 3, 997
List the prime factors of 759.
3, 11, 23
List the prime factors of 1079.
13, 83
What are the prime factors of 2592?
2, 3
What are the prime factors of 10286?
2, 37, 139
List the prime factors of 2106.
2, 3, 13
List the prime factors of 64223.
64223
List the prime factors of 10434.
2, 3, 37, 47
What are 